he units digit of v?
1
Suppose 0 = -2*i + 16*i - 23044. Suppose -4*d - 4*y - i = -7642, -2*d + 3*y + 3018 = 0. What is the thousands digit of d?
1
Suppose -26*z - 4346 + 291243 = 26923. What is the tens digit of z?
9
Let j be 54/(-7)*980/15. Let u = 1664 + j. What is the thousands digit of u?
1
Let j(k) = k**2 - 10*k - 48. Let z be j(13). Let c(v) = -189*v + 31. Let x be c(z). Suppose x = 15*m + 22. What is the tens digit of m?
1
Let k(y) = -y**2 - 42*y - 60. Let r be k(-31). Suppose r = h - 14. What is the hundreds digit of h?
2
Let i(o) = 132*o - 48. Let n(s) = 19*s - 7. Let a(j) = -4*i(j) + 27*n(j). Let f be a(-5). Let z = -53 + f. What is the tens digit of z?
2
Let h = 9555 + -6734. What is the hundreds digit of h?
8
Suppose 558*c + 91300 = 668*c. What is the tens digit of c?
3
Let b be (3920/4 + 2)*9/(-18). Let u = -141 - b. What is the tens digit of u?
5
Let o(j) = -540*j + 540*j - 67*j**2 + 2. Let i(u) = 16146*u**2 - 483. Let y(v) = -2*i(v) - 483*o(v). What is the units digit of y(1)?
9
What is the tens digit of (-863724)/(-57) - -2*19/(-722)?
5
Suppose 2*b - 7 = -7. Suppose b = -q - q + 3*j + 109, 42 = q - 4*j. What is the tens digit of q?
6
Let g be (28/8)/(1/8). Let i be 4/g - (-36)/(-7). What is the tens digit of (i + 4)*(-1 - 89)?
9
Let j = 28 + -31. Let v be j + 2 + -1 + -2. What is the units digit of (-24)/(-3)*(-50)/v?
0
Suppose 6*z - 2*z = -1440. Let n = z + 809. What is the hundreds digit of n?
4
Let b(q) = -2*q**3 - q**2 - q + 1. Let g(u) = u**3 + 9*u**2 + 55*u - 5. Let w(f) = b(f) + g(f). What is the hundreds digit of w(11)?
2
Let s(d) = 5*d**2 + 5*d + 3. Let h be s(-2). Let q(p) = -p**3 + 13*p**2 + 15*p + 21. What is the tens digit of q(h)?
1
Let t be -2 - (4/(-5))/((-2)/(-10)). Suppose t*c + 6 = 4*c. What is the tens digit of (-3)/((3/c - 2)/29)?
8
Let f(a) = -202*a - 903. What is the hundreds digit of f(-8)?
7
Let n(b) = b**3 + 11*b**2 - 14*b. Let u be n(-12). Suppose -13*g + u = -9*g. Suppose -k + 1519 = g*k. What is the hundreds digit of k?
2
Let f(i) = i**3 - 13*i**2 + 10*i + 27. Let q be f(12). Let u(k) = -10 - q*k**2 + 10 - 15 + 5*k**2. What is the units digit of u(6)?
7
Let x be -2 + 13/(52/(-6684)). Let l = x - -2563. What is the hundreds digit of l?
8
Let s be (-12)/27*(-90)/20. Suppose -1877 - 731 = -3*l + s*r, 2*r - 4320 = -5*l. What is the hundreds digit of l?
8
Suppose n = -3 + 6. Let l be 116 - (-1 - 1 - 1). Suppose -n*f + l + 274 = 0. What is the hundreds digit of f?
1
Suppose 30145 + 44720 = 15*k. What is the units digit of k?
1
Let i(k) = 144*k**2 + 95*k - 8. What is the tens digit of i(-10)?
4
Suppose 4*q = -4*g + 32, -3*q + 17 = -g - 3*g. Suppose -5*m = 2*j - 37, -57 = -5*m - 4*j + q*j. Suppose -10*d + 36 = -m*d. What is the tens digit of d?
3
Suppose -j - 961 = -2*i + 2*j, -i + 500 = 5*j. Suppose -3*g - i = -8*g. What is the units digit of g?
7
Let j(b) = -b**3 - 9*b**2 - 4*b + 9. Let n = -164 + 296. Let l be (-3 + n/20)*5/(-2). What is the tens digit of j(l)?
4
Suppose 44*r - 52*r - 64 = 0. What is the tens digit of ((-2712)/(-8) - 15)*(-26)/r?
5
Suppose 0 = 61*x - 234295 - 562060. What is the hundreds digit of x?
0
Let o(a) = 2*a**3 - 5*a - 1. Let h(r) = -5*r + 12*r - 9*r + 22. Let n be h(9). What is the hundreds digit of o(n)?
1
Suppose 3*s = 3*k + 12, 3*s = -3*k - 9 + 15. What is the units digit of (s/9)/(3/180)?
0
Suppose 30882 = j - 2*u, 4*j = 9*j + 3*u - 154345. What is the ten thousands digit of j?
3
Suppose -3*n + 2003 = -2*n + 5*i, -5*n + 4*i + 9870 = 0. What is the units digit of n?
8
Suppose i - 71*r - 674 = -70*r, -5*r - 654 = -i. What is the units digit of i?
9
Let f be 1/(-3) - 840/(-36). Suppose 0 = 15*r - f*r + 3000. What is the units digit of r?
5
Let o(a) = -28*a + 2. Suppose 183 = 37*k - 34*k. Let h = 57 - k. What is the hundreds digit of o(h)?
1
Let o = -71806 + 102668. What is the thousands digit of o?
0
Suppose 151*l = -76*l + 309*l - 3397178. What is the thousands digit of l?
1
Suppose 28*l - 14720 - 128864 = 0. What is the thousands digit of l?
5
Suppose 0 = 16*p - 14679 - 1129. What is the tens digit of p?
8
Let o be (-96)/(-20) + 40/(-50). What is the units digit of o/6*(-2274)/(-4)?
9
Suppose 192*m + 13232 = 3*z + 193*m, 4*z + 3*m = 17646. What is the units digit of z?
0
Let x be (-4*(-5)/20)/((-1)/(-118)). Let c = x + -101. Suppose 11*l + 1152 = c*l. What is the units digit of l?
2
Let h be 2/3 - (-534)/(-18). Let y(m) = -m - 1. Let d be y(h). Let v(c) = 4*c + 67. What is the units digit of v(d)?
9
Let i = -4639 - -3197. Let q = -842 - i. What is the hundreds digit of q?
6
Let b be 0 - (0 + 1*-2). Suppose 16*m - 38*m = -13*m - 423. Suppose b*y - 295 = m. What is the hundreds digit of y?
1
Let p(x) = -x**2 - 5*x + 43. Let g be p(4). Suppose 4*c - 4*v = g*c - 81, -c + 22 = 3*v. What is the tens digit of c?
3
Let d(j) = -10 - 16 + 8*j + 13. What is the tens digit of d(5)?
2
Let j = 2573 - -14342. What is the thousands digit of j?
6
Let d(u) = 11*u**3 - 16*u**3 - 9*u**2 + 6*u**3 - 9*u + 30. What is the units digit of d(12)?
4
Let k = 1 + -1. Let m = 189 - 185. Suppose m*q - 84 = -4*s, -5*q + 69 = -k*s - 4*s. What is the tens digit of q?
1
Let y = 38452 + -24507. What is the thousands digit of y?
3
Let h = 52 + -49. Let j(w) = -163 + 199*w**h + 3*w - 165 + w**2 + 324 + 0*w**2. What is the hundreds digit of j(1)?
1
Suppose 0 = 74*h + 33*h - 960646. What is the hundreds digit of h?
9
Let z(r) = -7860*r + 2980. What is the tens digit of z(-3)?
6
Let g(b) = 1 - b - 6 - 13 + 3*b. Let y be g(6). What is the hundreds digit of 29*(57/6 - 3/y)?
2
Let d = -202 + 188. Let k(i) = i**3 + 19*i**2 + 47*i - 34. What is the tens digit of k(d)?
8
Let y(m) = -m**2 + 78. Let b be y(9). Let l(z) = 5 - 47*z - 2 - 18. What is the tens digit of l(b)?
2
Let v be ((-900)/70)/(4/56). Let j = 200 + v. What is the units digit of j?
0
Let i = -21393 - -48205. What is the tens digit of i?
1
Let g = -931 - -940. Let b(m) = -m - 10 + 3*m**2 - 6*m**2 + 4*m**2 + 6*m. What is the tens digit of b(g)?
1
Let j be (16/4 - 9) + 1. Let b be 32/(-12)*(7/j + 1). What is the units digit of (b - 90)*1*-1?
8
Let h = 39 + -37. Suppose -4*s - h*m + 12 = -3*s, 5 = m. Suppose -s*j = 0, -2*j + 328 = 4*u - 0*j. What is the tens digit of u?
8
Let t(i) = 10*i - 7. Let m(c) = 21*c - 1. Let g(x) = 3*m(x) + t(x). Let z(r) = -r**3 - 3*r**2 - r - 2. Let w be z(-3). What is the tens digit of g(w)?
6
What is the units digit of (2973300/742)/((-4)/(-14))?
5
Suppose 465*a - 484*a = -219336. What is the tens digit of a?
4
What is the tens digit of -1 + 676/(-325) + 3 - 147277/(-25)?
9
Suppose 2 = 278*h - 277*h. Suppose -4*y + 3760 = 4*j + 84, -h*y = -6. What is the tens digit of j?
1
Let f = 6 + -21. Suppose -2*s - 26 = -4*l, -5*s + 4 - 9 = 2*l. What is the tens digit of l/(f/12) - -28?
2
Let h(d) = -d**3 + 14*d**2 + 26*d + 21. Let u be h(16). What is the tens digit of (3 - (-6 - u))*3/(-2)?
9
Let m(s) = -s**2 + 22*s - 75. Let t be m(5). Suppose 5*i = -5*c + 3165, -6*c + t*c = 3*i - 1927. What is the units digit of i?
7
Let p = -6967 - -35329. What is the tens digit of p?
6
Suppose 8*b = 2*b - 6. Let t be (347/1 + -1)/(b/(-2)). What is the hundreds digit of (t/16)/((-2)/(-8))?
1
Let u(y) = -y + 0*y + 3 + 2*y**2 - 3 - 3. Let x be u(4). What is the tens digit of 2160/x - 2/5?
8
Let r(q) = -108*q + 641. What is the units digit of r(-13)?
5
What is the ten thousands digit of (4543/(-20) + 2/5)/(72/(-23616))?
7
Suppose 3*p - 27473 = c, -2*c + 47 = 39. What is the hundreds digit of p?
1
Let t(g) = 5*g - 28. Let c(r) = -r - 4. Let v be c(4). Let m = v - -20. What is the units digit of t(m)?
2
Let z(t) = 555*t - 22. Let i be z(2). Suppose -i = -14*h + 5142. What is the units digit of h?
5
Suppose h = 2*f + f - 23, 3*f = 4*h + 11. Let k(r) = -r**3 + 6*r**2 - 5*r. Let d be k(5). Suppose d = 10*m - f*m - 76. What is the units digit of m?
6
Suppose 0 = -3*d + 4*t + 150, 2*t + 51 = d + t. What is the tens digit of 3172/18 - 12/d?
7
Let u(a) = 17*a**3 + a**2 + a. Let h(j) = -j - 8. Let o be h(-7). Let q be u(o). Let x(l) = -l + 12. What is the tens digit of x(q)?
2
What is the hundreds digit of 8 + (-195)/(720/(-102) + 7)?
3
Let u(h) = 45*h**2 - 47*h - 35. Let g be u(-37). Suppose -65*w + 586 + g = 0. What is the units digit of w?
3
Suppose 123*t = 120